y(x). Calculate j(-1).
10
Let x(m) = -3*m - 51. Let l be x(-17). Let b(y) = -y**2 + y + 6. Give b(l).
6
Let s = 81 - 74. Let j(d) be the second derivative of -d**5/20 + 2*d**4/3 - 5*d**3/6 - 3*d**2 + 3*d. What is j(s)?
8
Let y(l) be the second derivative of l**3/6 + 3*l**2/2 - 5*l. Let u(n) = 3*n + 27. Let r be u(-9). Calculate y(r).
3
Let l(z) be the second derivative of -z**6/180 + z**5/60 - z**4/8 - 7*z**3/6 + 4*z. Let o(y) be the second derivative of l(y). Determine o(3).
-15
Let s(i) = i**3 - 6*i**2 + 4*i + 1. Suppose -5*g - 54 + 74 = 0. Calculate s(g).
-15
Let h(o) = o - 3. Let x be h(6). Suppose 0 = -4*r + r - 3*y - x, y = 5*r - 1. Let s(a) = -a**2 - a - 3. Calculate s(r).
-3
Let a(l) = -l**2 + 9*l - 4. Let s be a(0). Let x(d) = -d**3 - 2*d**2 + 9*d + 4. Calculate x(s).
0
Let q(i) = -5 - 6 - 1 - 27*i - 23*i + 48*i. Calculate q(-4).
-4
Let u(b) = 9*b**3 + b - 2. Let t(n) = -16*n**3 - n + 3. Let q(j) = 4*t(j) + 7*u(j). What is q(2)?
-4
Let w be 10/8*(13 - 17). Let v(u) = u**2 + 6*u + 1. Let q be v(w). Let p(d) = 4*d - 2. Let b(s) = -s + 1. Let h(n) = -5*b(n) - p(n). Calculate h(q).
-7
Let b(h) = 5*h**2 - 10*h - 5. Let g(r) = 6*r**2 - 11*r - 6. Let u(c) = c**3 - 6*c**2 - 3*c + 13. Let i be u(6). Let d(j) = i*b(j) + 4*g(j). Determine d(6).
1
Let y = -5 - -9. Let x(h) = 8*h - 20 + y - h**2 + 9. Let p be (-1)/(-3) + 17/3. Determine x(p).
5
Let c(x) = -x**3 - 7*x**2 - 8*x - 6. Let d = 14 - 15. Let u be d/4 - (-161)/(-28). Give c(u).
6
Let y = -34 + 36. Suppose y*u + 2 = u. Let g(k) be the third derivative of k**4/12 - k**3/3 - 2*k**2. Calculate g(u).
-6
Suppose -4*x + 0*x = -8. Let n(b) be the first derivative of -b**3 + 2*b**2 - 2*b - 346. What is n(x)?
-6
Let j(f) = -2*f**3 - 10*f**2 - 13*f - 20. Let z(i) = i**3 + 5*i**2 + 6*i + 9. Let h(a) = 2*j(a) + 5*z(a). Give h(-4).
5
Let u(r) = r**2 + 6*r - 1. Let s = -30 - -18. Let b be ((-16)/s)/((-6)/27). What is u(b)?
-1
Let k be (-1 - 1)*(-12)/4. Suppose 5*m + g + 15 = k*g, 0 = -3*g + 15. Let v(l) = -21*l**m + 0 + 25*l**2 - 2 - 4*l + 4 - 2*l**3. Determine v(2).
-6
Let j(c) = c**3 - 4*c**2 - 8*c - 2. Suppose 0 = -2*s - 3*h + 18, 5*s + h - 13 = 19. What is j(s)?
22
Let j(f) = 4*f**2 - 10*f + 11. Let m(q) = 5*q**2 - 11*q + 12. Let g(b) = 4*j(b) - 3*m(b). Let s(c) = c**3 + 3*c**2 - 3*c - 3. Let u be s(-2). What is g(u)?
8
Let z(c) = c**3 - 7*c**2 - c + 1. Let w(v) = -v**3 - 7*v**2 + 13*v + 121. Let g be w(-6). Give z(g).
-6
Let j(f) = -5*f + 6. Suppose -9 = -8*g + 23. Determine j(g).
-14
Let t = -11 + 26. Suppose 2*n - s - 2 = 7, -5*s = 5*n - t. Suppose 0 = z - n, 3*m - 2*z = -4*z + 5. Let c(u) = -10*u**2 - u. Determine c(m).
-9
Let t(v) be the first derivative of -v**3/3 - 2*v**2 + 80. Determine t(3).
-21
Let u(y) = y**3 - 6*y**2 - 3*y - 5. Let x(p) be the second derivative of -p**3/6 + 2*p**2 + 34*p. Let c be x(-2). Calculate u(c).
-23
Let q(n) = 15*n**3 + 5*n + 1. Let h(i) be the third derivative of -i**6/8 - i**4/6 - i**3/6 + 19*i**2. Let u(v) = -3*h(v) - 2*q(v). Give u(-1).
-16
Let o(u) = -2*u**2 - 2*u + 1. Let z(v) = 7 + 3*v**2 - 8 + v + 0*v**2. Let f(p) = 2*o(p) + 3*z(p). Calculate f(2).
17
Let t(n) = -n**3 + 9*n**2 - n + 4. Let u(y) = y**3 - 8*y**2 + y - 5. Let p(w) = -2*t(w) - 3*u(w). Suppose -3*q = -5*b - 5*q + 32, 0 = q - 1. Determine p(b).
1
Let i(y) = y**2 + 13*y + 13. Let s(v) = 7*v - 96. Let o be s(12). What is i(o)?
1
Let o = -11 - -12. Let w(l) = -4 + 2 + 4*l + 4*l - o. Calculate w(3).
21
Let r(n) = n**3 - 6*n**2 - 1. Let z be r(6). Let s = -2 + z. Let p(k) = -9*k + 38. Let c(j) = 17*j - 69. Let d(o) = 6*c(o) + 11*p(o). Give d(s).
-5
Let g(c) = -2*c + 19. Let n be (-74)/(-259) + 122/14. Determine g(n).
1
Let v(g) be the third derivative of -g**6/120 + g**5/12 + g**4/8 + g**3 - 2*g**2 + 4. Determine v(5).
21
Suppose -9 = 3*p + 21. Let b(u) = 2*u**3 + 10*u**2 + 10*u - 15. Let o(j) = j**3 - j**2 + j - 2. Let q(l) = -b(l) + o(l). What is q(p)?
3
Let i(w) = 3*w - 52. Let x be i(17). Let q(u) = -5*u + 1. What is q(x)?
6
Let x(s) be the third derivative of -13*s**5/60 - s**4/12 + s**3/6 + 784*s**2. What is x(2)?
-55
Let f(w) be the first derivative of -5*w**2 + 1 + 6*w + 4*w**2 - 4*w - 9. Suppose -3*r = -6, 0*r - 5*r = -4*v - 22. Determine f(v).
8
Let f(z) be the third derivative of z**6/120 - 11*z**5/60 + 3*z**4/8 + 7*z**3/6 - 7*z**2. Let l be f(10). Let t(g) = -g**2 + 1 + g + 2 + g. Determine t(l).
-12
Let y(z) be the third derivative of 1/60*z**5 + 0 - 1/24*z**4 + 11/6*z**3 + 33*z**2 + 0*z. Give y(0).
11
Let y(t) = -5*t**3 - 13*t**2 - 10*t - 9. Let j = -63 - -74. Let c(w) = 14*w**3 + 38*w**2 + 30*w + 26. Let d(s) = j*y(s) + 4*c(s). What is d(-8)?
-11
Let u(x) = 3*x**2 - 8*x + 1. Let r(c) = -2*c**2 + 38*c - 33. Let b be r(18). Calculate u(b).
4
Let p(o) be the third derivative of -o**4/8 + o**3/6 - 35*o**2. Give p(5).
-14
Suppose 75 = -w + 6*w. Suppose d + 4*d - w = 0. Let a(z) = 5*z**2 - 2*z. Let b(j) = 11*j**2 - 4*j - 1. Let l(q) = -9*a(q) + 4*b(q). What is l(d)?
-7
Let c(a) = 21*a + 6. Let u(g) = 24*g + 7. Let k(i) = 7*c(i) - 6*u(i). Calculate k(1).
3
Let m = -21 - -3. Let g = -8 - m. Suppose -5*t + 2*x - 3*x = -g, -19 = -3*t + 2*x. Let b(k) = -2*k**2 + 3*k + 2. What is b(t)?
-7
Let g(a) = -2*a + 2*a**2 + 0*a - 1244 + 1242. Give g(2).
2
Let s(a) = -3*a - 6*a + 3*a + 7 - 70 + 9*a. Determine s(21).
0
Let n(d) = 1 + 2 + d + 5 - 2*d. Let z be n(8). Suppose z*b = -3*b + 15. Let a(o) = o**2 - 7*o + 4. Determine a(b).
-6
Let d be (9/(-12))/((-4)/16). Let i(t) = t**3 - 4*t**2 + 3*t + 2. Calculate i(d).
2
Suppose 3*z + 5*b = 8*z - 30, -5 = -5*b. Let a(m) = 895*m - 27. Let i(w) = 244*w - 7. Let l(d) = -6*a(d) + 22*i(d). What is l(z)?
-6
Let o(p) be the first derivative of 1/2*p**2 + 12 + 2*p - p**3. Give o(3).
-22
Let w(v) = -v**3 - 166*v + 323*v + 9*v**2 - 8 - 165*v. What is w(8)?
-8
Let s(f) = -2*f**3 + 7*f**2 - 11*f + 8. Let q be s(2). Let y(m) = -2*m**3 - m**2 - 2. Calculate y(q).
10
Let n(z) = z**2 - z + 1. Let v(c) = 2*c**2 - c + 2. Let t(d) = -d - 4. Let a be t(-3). Let b(k) = a*v(k) + 4*n(k). Determine b(2).
4
Suppose 15 = 5*i - 10. Suppose 3*y - p - 8 = 3, 0 = 4*y + i*p - 2. Let h(n) = 0*n - y + 0*n + n. Determine h(4).
1
Let x(j) be the third derivative of j**6/12 + j**5/30 - j**3/6 + 4*j**2 - 12*j. Calculate x(-1).
-9
Let y(n) be the second derivative of -n**4/12 - 2*n**3/3 + 13*n**2/2 + 5*n - 4. Determine y(-9).
-32
Let r(l) = -639*l - l**3 - 4*l**2 + 9*l**2 + 640*l. Calculate r(5).
5
Suppose 0 = 5*p + 3*x - 4, 0*p - 5*x = 5*p. Let b(k) = 8*k**3 - 7*k**3 + 2*k + 1 + p*k**2 + 3*k**3. Determine b(-1).
-3
Let h(i) = -i**2 + i. Let n = 185 + -185. Calculate h(n).
0
Let b = 11/19 - 14/57. Let i(g) be the second derivative of -3*g + 0 + 5/12*g**4 - 3/2*g**2 + b*g**3 - 1/20*g**5. What is i(5)?
7
Let p(u) be the third derivative of -1/6*u**4 + 0*u - 1/3*u**3 + 4*u**2 - 1/15*u**5 + 1/120*u**6 + 0. Let f = -15 + 20. Give p(f).
3
Let u(x) = 20 - 50 - 3*x**2 - 5*x**3 + x + 4*x**3 + 2*x**3 + 29. Determine u(2).
-3
Let f(t) = -9*t. Let q(g) = g**2 + 11*g + 9. Let n be q(-11). Suppose 4*l + 5 = n. Calculate f(l).
-9
Suppose -10*y = -7*y + 24. Let t(w) = w - 2. Let b(c) = 6*c. Let a(h) = b(h) - 5*t(h). Calculate a(y).
2
Let o(x) = 4 - 3*x**2 + x**2 - 3. Suppose 32*k = 33*k - 5. Suppose k*p + 14 = 4. Determine o(p).
-7
Let g(h) = -2*h - 4. Let z(r) = 19*r - 17*r - 1 + 5. Let i be z(-4). Determine g(i).
4
Let t(z) = z**2 - 14*z + 8. Suppose 29*o - 440 = -63. Give t(o).
-5
Let x(f) = f + 8. Let h(o) = -o - 7. Let v(z) = -5*h(z) - 4*x(z). Let d = 225 - 227. Let w(l) = 4. Let t(s) = d*w(s) + 3*v(s). Calculate t(-1).
-2
Let x(j) = j**3 + j**2. Let t(i) = 5*i**3 + 11*i**2 + 2. Let y(l) = -t(l) + 6*x(l). Let u be -6 - (4 - (-3 + 10)). Let p be 6 + (1 - u)/(-4). Give y(p).
-2
Let z(f) = -16*f. Let t be (16/(-10))/(-1 + 15/25). Suppose t*c - 3*x = 2*x - 29, -5*c - 2*x + 5 = 0. What is z(c)?
16
Let l(a) = a**2 - 7*a - 3. Let k = 2 - 3. Let z(n) be the second derivative of -n**3/6 - n**2/2 - 23*n. Let v(o) = k*l(o) + 3*z(o). What is v(3)?
3
Let i(b) be the third derivative of -b**7/504 + b**6/720 - b**4/6 - b**2. Let x(a) be the second derivative of i(a). Calculate x(1).
-4
Let b(p) = 1677*p**2 - 1663*p**2 - 3*p - 1 + 0 + 3. Determine b(1).
13
Let n(x) = -x**2 + 12*x - 13. Let o be n(9). Let k be 10/(-5) + 